 163 - 29 = 0, -3*a + w = -281. What is the units digit of a?
4
Let s be (-2)/(-4) + 3/6. Let q(v) = 2*v**3 + 2*v**2 - v. Let k be q(s). Suppose -4*b + 2*t = -26, -k*t - t - 3 = -b. What is the units digit of b?
7
Let a = 175 + -91. What is the tens digit of a?
8
Suppose -7 - 3 = -5*z. Suppose -9 + z = y. What is the units digit of 115/35 - (-2)/y?
3
Suppose -2*o - 2*o + 33 = k, 4 = -3*o + 5*k. Let l be 2/o + 99/21. Suppose -3 + l = v. What is the units digit of v?
2
Suppose -y - 5*j = -j - 58, -y - 3*j + 56 = 0. What is the tens digit of y?
5
Suppose 32 = -2*i + p - 3*p, -p = 2. Let f be (34/(-8))/(2/(-16)). Let v = f + i. What is the tens digit of v?
2
Suppose 0 = 7*m - 2*m - 45. What is the units digit of m + 14 + 1 + 0?
4
What is the tens digit of 1/(2/(232/4))?
2
Let r(u) = -4*u + 24. What is the units digit of r(0)?
4
Let p(a) be the first derivative of a**3/3 - 2*a**2 + 5*a - 2. Suppose 6 = w - 0*j + j, 2*j = 4. What is the units digit of p(w)?
5
Suppose 105 = a + 2*a. Suppose -a - 5 = -j. Suppose u - 28 = -2*u - 4*o, 0 = -4*u - 4*o + j. What is the units digit of u?
2
Let f be -4 - (-4 + (-1 - -1)). Let h(z) = -z**3 - 2*z - 1. Let j(t) = -2*t**3 - 5*t - 3. Let y(u) = 5*h(u) - 2*j(u). What is the units digit of y(f)?
1
Suppose 2*y = 792 - 88. What is the tens digit of y?
5
Suppose -4*p = 2*w - 16, 4*p = -3*w + 1 + 17. Suppose 0 = p*u + 4*x - 3*x - 8, 2*u = 3*x - 2. Suppose 3*b = u*b + 8. What is the units digit of b?
8
Suppose -200 = -5*x + 330. What is the hundreds digit of x?
1
Suppose -5*h + 9 = -1. Suppose -i + 27 = 5*y, -2*y - 3*y + 29 = h*i. What is the units digit of y?
5
Let b(u) = -u**3 - 4*u**2 + 3*u + 6. Let f be b(-5). Let t(j) = 4*j + 5. Let l be t(-4). Let p = l + f. What is the units digit of p?
5
Let c = 122 + -104. What is the tens digit of c?
1
Let a(u) = 4*u**2 - 6. What is the tens digit of a(6)?
3
Let s be (3/(-2))/(12/(-16)). Let o be 6/1*(-2)/s. What is the units digit of (o/(-8))/(1/12)?
9
Let g(j) be the first derivative of j**4/4 - 4*j**3/3 + 2*j**2 + 1. Let i be g(5). Suppose 5*z - 93 = -u - 33, -5*z + 2*u + i = 0. What is the tens digit of z?
1
Let l be (-1)/2 - 1/2. Let i = l - -4. Suppose q - 2*p - 3 = 0, -3*q + 6 = -3*p - i. What is the units digit of q?
3
Let y(w) = 2 - 6*w**3 + 3*w**3 + 4*w - 3*w**2 - 2*w - w. Let b(o) = o**2 + 9*o + 6. Let n be b(-8). What is the tens digit of y(n)?
1
What is the tens digit of (2 - (-1096)/12) + 4/6?
9
Let x(f) = -f**3 + 5*f**2 + 9*f - 5. What is the tens digit of x(6)?
1
Suppose -22 - 39 = -r. What is the tens digit of r?
6
Let c = 657 + -341. What is the tens digit of c?
1
Let d be 3 - (3 - -1) - -5. Suppose 0*x - 3*l = 5*x, -4*x + 5*l = 0. Suppose x = d*w - 2*w - 24. What is the tens digit of w?
1
Let y(f) = f + 11. Let a be y(-6). Suppose -3*r + 53 = a. What is the units digit of r/2 + (4 - 6)?
6
Let v be (-1 - -2)/((-1)/(-5)). Suppose v*u - u = 40. What is the units digit of u?
0
Let k(l) = -3 + 1 - 4*l + 3 + 3*l**2 + l**3. Suppose -6*r = -5*r + 4. What is the units digit of k(r)?
1
What is the units digit of 1/(-4) + 445/20?
2
Let x(i) = 3*i - 1. Let l be x(1). What is the tens digit of 0 + l/2 - -21?
2
Let o(d) = d**3 + 6*d**2 + 3*d - 5. Suppose 0 = -2*x - 3*x - 25. Let i be o(x). Suppose -15 = -i*r + 10. What is the units digit of r?
5
Let v = -146 - -86. What is the units digit of (2/3)/((-5)/v)?
8
Let z = -8 + 11. Let v = 3 + z. What is the units digit of v?
6
Let x = 59 + -35. Suppose -4*s + 12 = -x. What is the units digit of s?
9
Let u(j) = -j**3 + 8*j**2 - 6*j - 4. Let q be u(7). Suppose m - 24 = -q*m - 4*s, 0 = 2*m - s - 6. What is the units digit of m?
4
Let b(q) be the first derivative of q**3/3 + 11*q + 1. What is the units digit of b(0)?
1
Let c = 6 + 17. What is the units digit of c?
3
Suppose -8*q = -9*q + 92. What is the units digit of q?
2
Let n = -15 + 19. Suppose -n*q - j = -3 - 6, -j = -4*q + 15. What is the units digit of q?
3
Let p be ((-9)/18)/((-2)/(-36)). Let q(u) = u**2 + 9*u + 4. What is the units digit of q(p)?
4
Let g be 16/5*(-15)/(-6). Suppose g*v - 3*v = 20. What is the units digit of v?
4
Suppose -2*o + j + 0*j = -73, 3*j - 105 = -3*o. Let y = o - 25. What is the units digit of (-6)/4 - y/(-2)?
4
Let y be (-178)/4*1*-2. Suppose y = 3*n - 4. What is the units digit of n?
1
Let t = 598 - 340. What is the units digit of t?
8
Let l = -8 - -10. What is the units digit of (1/l)/(1/22)?
1
Suppose 2*f - 7*f + 70 = 0. What is the units digit of f?
4
Let v(m) = m - 4. Let i be v(4). Suppose i = -5*h + 4*h - 2. Let l = h - -6. What is the units digit of l?
4
Let c(d) = -d**3 - 6*d**2 - 6*d - 2. Let g be c(-5). Suppose -g*s + 5 = -4. What is the units digit of s?
3
Let m(y) = -1 + 4 - 3*y - 4. What is the tens digit of m(-6)?
1
Let p be (-24)/(-20)*10/(-3). What is the units digit of (-235)/(-25) - p/(-10)?
9
Suppose 0 = 5*i - 4 - 16. Let c(q) = q + 2. Let r be c(-2). Suppose 0*v + i*v - 32 = r. What is the units digit of v?
8
Let w = -1 + 3. Suppose -m + 2*a + 7 = 0, -w*m = 3*a - 5*a - 20. What is the tens digit of m?
1
Suppose 72 = 2*c + 12. What is the tens digit of c?
3
What is the units digit of 4*1 - (10 + -43)?
7
Let j = -1 - -48. What is the units digit of j?
7
Suppose -80 = -3*n + 538. What is the tens digit of n?
0
Let u(i) = -5*i**2 - 12 + 14*i - 7*i**2 + 11*i**2. What is the units digit of u(10)?
8
Suppose 3*f - 7*f = -j - 140, 2*j = 3*f - 110. What is the tens digit of f?
3
Let k(q) = 7*q - 8. Let i(d) = d**3 + 3*d**2 + 3. Let v be i(-3). What is the tens digit of k(v)?
1
Let b be 41/(-3) - (-1)/(-3). Suppose 4*t - 42 = 3*m, -35 + 100 = -5*m + 5*t. Let r = m - b. What is the units digit of r?
4
Let f(a) = 12*a**2. Let r be f(-1). Suppose 21 = h - j, 2*j - 5*j + r = 0. What is the tens digit of h?
2
Suppose 4*v - 10*v = -606. What is the units digit of v?
1
Let y be 1/(-5) + 52/10. Suppose 13 + 22 = y*z. What is the units digit of z?
7
Suppose 5*a - 5*k = 480, 0 = -k - 2 + 3. What is the units digit of a?
7
Let y(t) = t**2 + 7*t. Let o be y(5). Suppose -3*z + o = z. Suppose 4*d + d = z. What is the units digit of d?
3
Suppose 4*m + 150 + 18 = 0. Let p = 59 + m. What is the units digit of p?
7
Let g be 13 + 3/1 + 1. What is the units digit of 1/2 + g/2?
9
Let s = 15 - 55. What is the tens digit of 2/(-4)*s/2?
1
Let l(u) be the first derivative of -u**4/4 + 7*u**3/3 + u**2 + u - 2. What is the units digit of l(7)?
5
Let k(t) = -2*t + 4. Let w be k(-4). Suppose -4*x = -x - w. Suppose -v - 3 = -x*v. What is the units digit of v?
1
Let b = 10 - 6. Suppose -b*u = -u. Let q = u - -2. What is the units digit of q?
2
Suppose 3*r = 3*f + 78, 2*f = 2*r + f - 55. Let o = -21 + r. Suppose 0 = 3*h + h - o. What is the units digit of h?
2
Let r(p) = -p**3 - 2*p**2 + 8*p + 7. Let i be r(-5). Suppose 3*z = z + i. Suppose 4*o - z = o. What is the units digit of o?
7
Suppose 105 + 0 = 3*x. What is the tens digit of x?
3
Let q be (2 + 2 - 1) + 1. Suppose -h + 8 = -4*c + c, -h - q*c = -15. What is the units digit of h?
1
What is the units digit of (-3 - -2) + 33 + 2?
4
Suppose 0 = 4*n - 1 + 29. Let r(z) = 1 - z**2 + 2*z**2 + 7*z + 7. What is the units digit of r(n)?
8
Let z(i) = -2*i**3 + 2*i**2 + 76. What is the tens digit of z(0)?
7
Suppose -a = 4*j - 179, 6*a - 5*a = 2*j - 91. What is the units digit of j?
5
Suppose 0 = -5*v + 10, -78 + 16 = -4*b - 3*v. Suppose -5*c - 3*q + b = -q, 4*q = -3*c + 14. Suppose -30 = -5*d + c*d. What is the units digit of d?
0
Let h(d) = d + 1. Let m be h(3). Suppose -i - 4*s + m = i, -3*s = -3*i - 3. Let g = 6 - i. What is the units digit of g?
6
Let x = 2 - -1. Suppose 41 = x*d + 5*t, d + d - 23 = t. Suppose -v - 1 + d = 0. What is the units digit of v?
1
Let p be 0 + 0 - (-12)/2. Let b = 1 - 4. What is the units digit of (b/2)/(p/(-32))?
8
Let k(c) = -2*c. Let r(w) = w. Let f(i) = -4*k(i) - 9*r(i). Let a be f(-9). Suppose 2*d = -5*x + 25, -2*d = -x - 4 + a. What is the units digit of x?
5
What is the units digit of 50 + 0 + (2 + -1 - 1)?
0
Let q(d) = -d**2 + 6*d + 17. Let t be q(7). Suppose t*l = 4*l + 192. What is the tens digit of l?
3
Suppose 0 = 3*o - 3*k - 171, -2*o - 2*k + 54 + 56 = 0. What is the tens digit of o?
5
Let r(l) be the second derivative of 7*l**3/6 - 2*l**2 - l. Let w be r(3). Suppose -1 = -3*j